 the prime factors of 42865.
5, 8573
What are the prime factors of 107759?
197, 547
List the prime factors of 28329.
3, 7, 19, 71
What are the prime factors of 4672?
2, 73
List the prime factors of 2373.
3, 7, 113
What are the prime factors of 10256?
2, 641
List the prime factors of 2468.
2, 617
List the prime factors of 2633.
2633
List the prime factors of 290.
2, 5, 29
List the prime factors of 155.
5, 31
List the prime factors of 12874.
2, 41, 157
List the prime factors of 18258.
2, 3, 17, 179
What are the prime factors of 7721?
7, 1103
What are the prime factors of 1479?
3, 17, 29
List the prime factors of 4160.
2, 5, 13
What are the prime factors of 52755?
3, 5, 3517
List the prime factors of 26899.
37, 727
List the prime factors of 1589.
7, 227
What are the prime factors of 138626?
2, 69313
What are the prime factors of 976?
2, 61
What are the prime factors of 60931?
13, 43, 109
List the prime factors of 697.
17, 41
List the prime factors of 2117.
29, 73
List the prime factors of 9253.
19, 487
List the prime factors of 59250.
2, 3, 5, 79
List the prime factors of 6475.
5, 7, 37
What are the prime factors of 1145?
5, 229
List the prime factors of 17826.
2, 3, 2971
What are the prime factors of 40703?
13, 31, 101
List the prime factors of 1414.
2, 7, 101
What are the prime factors of 14712?
2, 3, 613
What are the prime factors of 803?
11, 73
What are the prime factors of 40967?
71, 577
What are the prime factors of 2030?
2, 5, 7, 29
List the prime factors of 1708.
2, 7, 61
List the prime factors of 30417.
3, 10139
What are the prime factors of 10572?
2, 3, 881
What are the prime factors of 21305?
5, 4261
What are the prime factors of 777?
3, 7, 37
List the prime factors of 2173.
41, 53
What are the prime factors of 190?
2, 5, 19
What are the prime factors of 53828?
2, 13457
List the prime factors of 1579.
1579
List the prime factors of 2178.
2, 3, 11
List the prime factors of 4689.
3, 521
List the prime factors of 4547.
4547
What are the prime factors of 6648?
2, 3, 277
List the prime factors of 161013.
3, 191, 281
What are the prime factors of 425?
5, 17
What are the prime factors of 88672?
2, 17, 163
What are the prime factors of 85701?
3, 7, 11, 53
What are the prime factors of 970?
2, 5, 97
What are the prime factors of 50353?
43, 1171
What are the prime factors of 361?
19
List the prime factors of 1487.
1487
What are the prime factors of 64097?
11, 5827
List the prime factors of 834.
2, 3, 139
List the prime factors of 1220.
2, 5, 61
List the prime factors of 17220.
2, 3, 5, 7, 41
List the prime factors of 16356.
2, 3, 29, 47
List the prime factors of 13468.
2, 7, 13, 37
What are the prime factors of 1376?
2, 43
What are the prime factors of 2689?
2689
List the prime factors of 29905.
5, 5981
What are the prime factors of 26112?
2, 3, 17
List the prime factors of 13930.
2, 5, 7, 199
List the prime factors of 6088.
2, 761
List the prime factors of 27509.
27509
What are the prime factors of 596?
2, 149
What are the prime factors of 2568?
2, 3, 107
List the prime factors of 1128.
2, 3, 47
What are the prime factors of 110154?
2, 3, 11, 1669
What are the prime factors of 15794?
2, 53, 149
What are the prime factors of 31404?
2, 3, 2617
What are the prime factors of 1340?
2, 5, 67
What are the prime factors of 4811?
17, 283
List the prime factors of 1471.
1471
What are the prime factors of 50873?
50873
What are the prime factors of 911?
911
List the prime factors of 29953.
7, 11, 389
What are the prime factors of 76666?
2, 38333
What are the prime factors of 9938?
2, 4969
List the prime factors of 42750.
2, 3, 5, 19
What are the prime factors of 8601?
3, 47, 61
What are the prime factors of 744?
2, 3, 31
List the prime factors of 8917.
37, 241
List the prime factors of 4724.
2, 1181
List the prime factors of 4514.
2, 37, 61
List the prime factors of 573.
3, 191
List the prime factors of 100.
2, 5
List the prime factors of 18756.
2, 3, 521
List the prime factors of 1317.
3, 439
List the prime factors of 399.
3, 7, 19
List the prime factors of 1062.
2, 3, 59
List the prime factors of 10020.
2, 3, 5, 167
List the prime factors of 1344.
2, 3, 7
List the prime factors of 14040.
2, 3, 5, 13
What are the prime factors of 428?
2, 107
List the prime factors of 1000.
2, 5
List the prime factors of 6017.
11, 547
List the prime factors of 52345.
5, 19, 29
List the prime factors of 4067.
7, 83
What are the prime factors of 109062?
2, 3, 73, 83
What are the prime factors of 65739?
3, 17, 1289
List the prime factors of 707.
7, 101
What are the prime factors of 151282?
2, 75641
List the prime factors of 7913.
41, 193
List the prime factors of 22881.
3, 29, 263
What are the prime factors of 1089?
3, 11
List the prime factors of 7783.
43, 181
List the prime factors of 1292.
2, 17, 19
List the prime factors of 3981.
3, 1327
List the prime factors of 1644.
2, 3, 137
List the prime factors of 87468.
2, 3, 37, 197
What are the prime factors of 3905?
5, 11, 71
List the prime factors of 1058.
2, 23
What are the prime factors of 15218?
2, 7, 1087
List the prime factors of 4688.
2, 293
What are the prime factors of 790?
2, 5, 79
What are the prime factors of 2873?
13, 17
List the prime factors of 2424.
2, 3, 101
List the prime factors of 9948.
2, 3, 829
List the prime factors of 334.
2, 167
List the prime factors of 1629.
3, 181
What are the prime factors of 39644?
2, 11, 17, 53
List the prime factors of 8479.
61, 139
What are the prime factors of 8007?
3, 17, 157
List the prime factors of 12233.
13, 941
List the prime factors of 2457.
3, 7, 13
List the prime factors of 24155.
5, 4831
List the prime factors of 4978.
2, 19, 131
What are the prime factors of 560?
2, 5, 7
What are the prime factors of 1258?
2, 17, 37
What are the prime factors of 76743?
3, 8527
What are the prime factors of 1566?
2, 3, 29
What are the prime factors of 1329?
3, 443
List the prime factors of 203.
7, 29
List the prime factors of 44149.
7, 17, 53
What are the prime factors of 521?
521
What are the prime factors of 19549?
113, 173
What are the prime factors of 18946?
2, 9473
What are the prime factors of 1677?
3, 13, 43
List the prime factors of 18189.
3, 43, 47
List the prime factors of 59.
59
List the prime factors of 147.
3, 7
What are the prime factors of 1172?
2, 293
What are the prime factors of 1182?
2, 3, 197
List the prime factors of 1300.
2, 5, 13
What are the prime factors of 2691?
3, 13, 23
List the prime factors of 2564.
2, 641
What are the prime factors of 536?
2, 67
What are the prime factors of 4571?
7, 653
List the prime factors of 20768.
2, 11, 59
What are the prime factors of 16956?
2, 3, 157
What are the prime factors of 2872?
2, 359
List the prime factors of 11730.
2, 3, 5, 17, 23
List the prime factors of 39086.
2, 19543
What are the prime factors of 600?
2, 3, 5
List the prime factors of 1186.
2, 593
What are the prime factors of 2642?
2, 1321
List the prime factors of 204.
2, 3, 17
What are the prime factors of 643?
643
List the prime factors of 613.
613
List the prime factors of 45357.
3, 13, 1163
List the prime factors of 160.
2, 5
List the prime factors of 6010.
2, 5, 601
List the prime factors of 61000.
2, 5, 61
What are the prime factors of 167475?
3, 5, 7, 11, 29
What are the prime factors of 9449?
11, 859
List the prime factors of 493.
17, 29
List the prime factors of 3243.
3, 23, 47
List the prime factors of 18792.
2, 3, 29
What are the prime factors of 52922?
2, 47, 563
List the prime factors of 2347.
2347
What are the prime factors of 3515?
5, 19, 37
List the prime factors of 48714.
2, 3, 23, 353
List the prime factors of 983.
983
List the prime factors of 901.
17, 53
List the prime factors of 3587.
17, 211
What are the prime factors of 544?
2, 17
What are the prime factors of 52646?
2, 11, 2393
List the prime factors of 1239.
3, 7, 59
What are the prime factors of 28748?
2, 7187
List the prime factors of 27404.
2, 13, 17, 31
What are the prime factors of 3865?
5, 773
What are the prime factors of 2320?
2, 5, 29
What are the prime factors of 183?
3, 61
What are the prime factors of 172?
2, 43
What are the prime factors of 38129?
7, 13, 419
What are the prime factors of 514?
2, 257
List the prime factors of 3239.
41, 79
What are the prime factors of 12